{"id":248,"date":"2017-04-06T14:02:28","date_gmt":"2017-04-06T14:02:28","guid":{"rendered":"http:\/\/physiotherapie-starkloff.de\/?page_id=248"},"modified":"2025-09-04T13:25:44","modified_gmt":"2025-09-04T13:25:44","slug":"ueber-uns","status":"publish","type":"page","link":"http:\/\/physiotherapie-starkloff.de\/?page_id=248","title":{"rendered":"\u00dcber uns"},"content":{"rendered":"<h2>Unsere Praxis<\/h2>\n<p>Die Physiotherapie Maja Starkloff hat ihre Anf\u00e4nge in der Physiotherapie Sonngard Ryschka. Frau Ryschka gr\u00fcndete die Praxis <strong>1991<\/strong> und in den folgenden Jahren entwickelte Sie eine gesch\u00e4tzte Gesundheitseinrichtung. Alle Therapeuten bildeten sich regelm\u00e4\u00dfig weiter, sodass sich unser Behandlungsspektrum erweiterte. <strong>Im Jahr 2011 \u00fcbernahm Maja Starkloff die Praxis<\/strong> und f\u00fchrte sie erfolgreich weiter.\u00a0<\/p>\n<p>Im Jahr <strong>2017<\/strong> mussten wir uns neu orientieren. Der Mietvertrag wurde gek\u00fcndigt. Die Idee, eine neue moderne Praxis zu bauen, nahm Gestalt an. <strong>Am 07. Dezember 2020 er\u00f6ffneten wir die neuen Praxisr\u00e4ume.<\/strong><\/p>\n<p>Drei helle geschlossene Praxisr\u00e4ume stehen uns zur Verf\u00fcgung. Sie sind mit modernen medizinischen Behandlungsger\u00e4ten ausgestattet. Eine wohlig private Atmosph\u00e4re bietet optimale Bedingungen f\u00fcr eine erfolgreiche Behandlung. Ein Gymnastikraum f\u00fcr Einzel- und Gruppengymnastik ist mit diversen Kleinger\u00e4ten gut ausgestattet.\u00a0<\/p>\n<p>Unsere Praxis hat einen rollstuhlgerechten Zugang und eigene Parkpl\u00e4tze, Fahrr\u00e4der k\u00f6nnen gut abgestellt werden.<\/p>\n\n\n<hr class=\"wp-block-separator is-style-wide\"\/>\n\n\n<ul class=\"wp-block-latest-posts__list is-grid columns-3 alignright wp-block-latest-posts\"><li><div class=\"wp-block-latest-posts__featured-image alignleft\"><a href=\"http:\/\/physiotherapie-starkloff.de\/?p=1010\"><img width=\"300\" height=\"150\" src=\"http:\/\/physiotherapie-starkloff.de\/wp-content\/uploads\/2021\/05\/AdobeStock_270199276-300x150.jpg\" class=\"attachment-medium size-medium wp-post-image\" alt=\"\" loading=\"lazy\" style=\"\" srcset=\"http:\/\/physiotherapie-starkloff.de\/wp-content\/uploads\/2021\/05\/AdobeStock_270199276-300x150.jpg 300w, http:\/\/physiotherapie-starkloff.de\/wp-content\/uploads\/2021\/05\/AdobeStock_270199276-1024x512.jpg 1024w, http:\/\/physiotherapie-starkloff.de\/wp-content\/uploads\/2021\/05\/AdobeStock_270199276-768x384.jpg 768w, http:\/\/physiotherapie-starkloff.de\/wp-content\/uploads\/2021\/05\/AdobeStock_270199276-1536x768.jpg 1536w, http:\/\/physiotherapie-starkloff.de\/wp-content\/uploads\/2021\/05\/AdobeStock_270199276-120x60.jpg 120w, http:\/\/physiotherapie-starkloff.de\/wp-content\/uploads\/2021\/05\/AdobeStock_270199276.jpg 2000w\" sizes=\"(max-width: 300px) 100vw, 300px\" \/><\/a><\/div><a href=\"http:\/\/physiotherapie-starkloff.de\/?p=1010\">Unser Leitbild<\/a><div class=\"wp-block-latest-posts__post-excerpt\">Wir entwickeln unsere Praxis zu einem Gesundheitszentrum, welches mehr ist als eine Physiotherapie, Wir verkn\u00fcpfen Physiotherapie und Medizinische Trainingstherapie. Ganzheitliche Befundung, Therapie und Training st\u00e4rken K\u00f6rper, Geist und Seele. Wir &hellip; <\/div><\/li>\n<li><div class=\"wp-block-latest-posts__featured-image alignleft\"><a href=\"http:\/\/physiotherapie-starkloff.de\/?p=1014\"><img width=\"300\" height=\"150\" src=\"http:\/\/physiotherapie-starkloff.de\/wp-content\/uploads\/2021\/05\/PHOTO-2021-09-30-18-08-57-300x150.jpg\" class=\"attachment-medium size-medium wp-post-image\" alt=\"\" loading=\"lazy\" style=\"\" srcset=\"http:\/\/physiotherapie-starkloff.de\/wp-content\/uploads\/2021\/05\/PHOTO-2021-09-30-18-08-57-300x150.jpg 300w, http:\/\/physiotherapie-starkloff.de\/wp-content\/uploads\/2021\/05\/PHOTO-2021-09-30-18-08-57-1024x512.jpg 1024w, http:\/\/physiotherapie-starkloff.de\/wp-content\/uploads\/2021\/05\/PHOTO-2021-09-30-18-08-57-768x384.jpg 768w, http:\/\/physiotherapie-starkloff.de\/wp-content\/uploads\/2021\/05\/PHOTO-2021-09-30-18-08-57-1536x768.jpg 1536w, http:\/\/physiotherapie-starkloff.de\/wp-content\/uploads\/2021\/05\/PHOTO-2021-09-30-18-08-57-120x60.jpg 120w, http:\/\/physiotherapie-starkloff.de\/wp-content\/uploads\/2021\/05\/PHOTO-2021-09-30-18-08-57.jpg 2000w\" sizes=\"(max-width: 300px) 100vw, 300px\" \/><\/a><\/div><a href=\"http:\/\/physiotherapie-starkloff.de\/?p=1014\">Unser Logo<\/a><div class=\"wp-block-latest-posts__post-excerpt\">Die freundlichen Farben zeigen den Frohsinn und die Helligkeit in unserer Praxis. Wir gehen freundschaftlich miteinander um, bei uns ist jeder herzlich willkommen ob Patient, Kunde oder Sportler. Jeden Menschen &hellip; <\/div><\/li>\n<li><div class=\"wp-block-latest-posts__featured-image alignleft\"><a href=\"http:\/\/physiotherapie-starkloff.de\/?p=1016\"><img width=\"300\" height=\"225\" src=\"http:\/\/physiotherapie-starkloff.de\/wp-content\/uploads\/2023\/07\/GOPR0191_Maja-1-300x225.jpg\" class=\"attachment-medium size-medium wp-post-image\" alt=\"\" loading=\"lazy\" style=\"\" srcset=\"http:\/\/physiotherapie-starkloff.de\/wp-content\/uploads\/2023\/07\/GOPR0191_Maja-1-300x225.jpg 300w, http:\/\/physiotherapie-starkloff.de\/wp-content\/uploads\/2023\/07\/GOPR0191_Maja-1-1024x768.jpg 1024w, http:\/\/physiotherapie-starkloff.de\/wp-content\/uploads\/2023\/07\/GOPR0191_Maja-1-768x576.jpg 768w, http:\/\/physiotherapie-starkloff.de\/wp-content\/uploads\/2023\/07\/GOPR0191_Maja-1-1536x1152.jpg 1536w, http:\/\/physiotherapie-starkloff.de\/wp-content\/uploads\/2023\/07\/GOPR0191_Maja-1-2048x1536.jpg 2048w, http:\/\/physiotherapie-starkloff.de\/wp-content\/uploads\/2023\/07\/GOPR0191_Maja-1-80x60.jpg 80w, http:\/\/physiotherapie-starkloff.de\/wp-content\/uploads\/2023\/07\/GOPR0191_Maja-1-640x480.jpg 640w, http:\/\/physiotherapie-starkloff.de\/wp-content\/uploads\/2023\/07\/GOPR0191_Maja-1-110x83.jpg 110w\" sizes=\"(max-width: 300px) 100vw, 300px\" \/><\/a><\/div><a href=\"http:\/\/physiotherapie-starkloff.de\/?p=1016\">Unser Team<\/a><div class=\"wp-block-latest-posts__post-excerpt\">\u201eSeit 1983 bin ich Physiotherapeutin und meine Entscheidung von damals war genau richtig f\u00fcr mich. Ich liebe die Arbeit mit und am Menschen. Ich kann mein ganzes Wissen und strukturelles &hellip; <\/div><\/li>\n<\/ul>","protected":false},"excerpt":{"rendered":"<p>Unsere Praxis Die Physiotherapie Maja Starkloff hat ihre Anf\u00e4nge in der Physiotherapie Sonngard Ryschka. Frau Ryschka gr\u00fcndete die Praxis 1991 und in den folgenden Jahren entwickelte Sie eine gesch\u00e4tzte Gesundheitseinrichtung. &hellip; <\/p>\n","protected":false},"author":3,"featured_media":1068,"parent":0,"menu_order":0,"comment_status":"closed","ping_status":"closed","template":"","meta":[],"_links":{"self":[{"href":"http:\/\/physiotherapie-starkloff.de\/index.php?rest_route=\/wp\/v2\/pages\/248"}],"collection":[{"href":"http:\/\/physiotherapie-starkloff.de\/index.php?rest_route=\/wp\/v2\/pages"}],"about":[{"href":"http:\/\/physiotherapie-starkloff.de\/index.php?rest_route=\/wp\/v2\/types\/page"}],"author":[{"embeddable":true,"href":"http:\/\/physiotherapie-starkloff.de\/index.php?rest_route=\/wp\/v2\/users\/3"}],"replies":[{"embeddable":true,"href":"http:\/\/physiotherapie-starkloff.de\/index.php?rest_route=%2Fwp%2Fv2%2Fcomments&post=248"}],"version-history":[{"count":15,"href":"http:\/\/physiotherapie-starkloff.de\/index.php?rest_route=\/wp\/v2\/pages\/248\/revisions"}],"predecessor-version":[{"id":1158,"href":"http:\/\/physiotherapie-starkloff.de\/index.php?rest_route=\/wp\/v2\/pages\/248\/revisions\/1158"}],"wp:featuredmedia":[{"embeddable":true,"href":"http:\/\/physiotherapie-starkloff.de\/index.php?rest_route=\/wp\/v2\/media\/1068"}],"wp:attachment":[{"href":"http:\/\/physiotherapie-starkloff.de\/index.php?rest_route=%2Fwp%2Fv2%2Fmedia&parent=248"}],"curies":[{"name":"wp","href":"https:\/\/api.w.org\/{rel}","templated":true}]}}

Über uns

<h2>Unsere Praxis</h2>
<p>Die Physiotherapie Maja Starkloff hat ihre Anfänge in der Physiotherapie Sonngard Ryschka. Frau Ryschka gründete die Praxis <strong>1991</strong> und in den folgenden Jahren entwickelte Sie eine geschätzte Gesundheitseinrichtung. Alle Therapeuten bildeten sich regelmäßig weiter, sodass sich unser Behandlungsspektrum erweiterte. <strong>Im Jahr 2011 übernahm Maja Starkloff die Praxis</strong> und führte sie erfolgreich weiter. </p>
<p>Im Jahr <strong>2017</strong> mussten wir uns neu orientieren. Der Mietvertrag wurde gekündigt. Die Idee, eine neue moderne Praxis zu bauen, nahm Gestalt an. <strong>Am 07. Dezember 2020 eröffneten wir die neuen Praxisräume.</strong></p>
<p>Drei helle geschlossene Praxisräume stehen uns zur Verfügung. Sie sind mit modernen medizinischen Behandlungsgeräten ausgestattet. Eine wohlig private Atmosphäre bietet optimale Bedingungen für eine erfolgreiche Behandlung. Ein Gymnastikraum für Einzel- und Gruppengymnastik ist mit diversen Kleingeräten gut ausgestattet. </p>
<p>Unsere Praxis hat einen rollstuhlgerechten Zugang und eigene Parkplätze, Fahrräder können gut abgestellt werden.</p>


<hr class="wp-block-separator is-style-wide"/>


<ul class="wp-block-latest-posts__list is-grid columns-3 alignright wp-block-latest-posts"><li><div class="wp-block-latest-posts__featured-image alignleft"><a href="http://physiotherapie-starkloff.de/?p=1010"><img width="300" height="150" src="http://physiotherapie-starkloff.de/wp-content/uploads/2021/05/AdobeStock_270199276-300x150.jpg" class="attachment-medium size-medium wp-post-image" alt="" loading="lazy" style="" srcset="http://physiotherapie-starkloff.de/wp-content/uploads/2021/05/AdobeStock_270199276-300x150.jpg 300w, http://physiotherapie-starkloff.de/wp-content/uploads/2021/05/AdobeStock_270199276-1024x512.jpg 1024w, http://physiotherapie-starkloff.de/wp-content/uploads/2021/05/AdobeStock_270199276-768x384.jpg 768w, http://physiotherapie-starkloff.de/wp-content/uploads/2021/05/AdobeStock_270199276-1536x768.jpg 1536w, http://physiotherapie-starkloff.de/wp-content/uploads/2021/05/AdobeStock_270199276-120x60.jpg 120w, http://physiotherapie-starkloff.de/wp-content/uploads/2021/05/AdobeStock_270199276.jpg 2000w" sizes="(max-width: 300px) 100vw, 300px" /></a></div><a href="http://physiotherapie-starkloff.de/?p=1010">Unser Leitbild</a><div class="wp-block-latest-posts__post-excerpt">Wir entwickeln unsere Praxis zu einem Gesundheitszentrum, welches mehr ist als eine Physiotherapie, Wir verknüpfen Physiotherapie und Medizinische Trainingstherapie. Ganzheitliche Befundung, Therapie und Training stärken Körper, Geist und Seele. Wir &hellip; </div></li>
<li><div class="wp-block-latest-posts__featured-image alignleft"><a href="http://physiotherapie-starkloff.de/?p=1014"><img width="300" height="150" src="http://physiotherapie-starkloff.de/wp-content/uploads/2021/05/PHOTO-2021-09-30-18-08-57-300x150.jpg" class="attachment-medium size-medium wp-post-image" alt="" loading="lazy" style="" srcset="http://physiotherapie-starkloff.de/wp-content/uploads/2021/05/PHOTO-2021-09-30-18-08-57-300x150.jpg 300w, http://physiotherapie-starkloff.de/wp-content/uploads/2021/05/PHOTO-2021-09-30-18-08-57-1024x512.jpg 1024w, http://physiotherapie-starkloff.de/wp-content/uploads/2021/05/PHOTO-2021-09-30-18-08-57-768x384.jpg 768w, http://physiotherapie-starkloff.de/wp-content/uploads/2021/05/PHOTO-2021-09-30-18-08-57-1536x768.jpg 1536w, http://physiotherapie-starkloff.de/wp-content/uploads/2021/05/PHOTO-2021-09-30-18-08-57-120x60.jpg 120w, http://physiotherapie-starkloff.de/wp-content/uploads/2021/05/PHOTO-2021-09-30-18-08-57.jpg 2000w" sizes="(max-width: 300px) 100vw, 300px" /></a></div><a href="http://physiotherapie-starkloff.de/?p=1014">Unser Logo</a><div class="wp-block-latest-posts__post-excerpt">Die freundlichen Farben zeigen den Frohsinn und die Helligkeit in unserer Praxis. Wir gehen freundschaftlich miteinander um, bei uns ist jeder herzlich willkommen ob Patient, Kunde oder Sportler. Jeden Menschen &hellip; </div></li>
<li><div class="wp-block-latest-posts__featured-image alignleft"><a href="http://physiotherapie-starkloff.de/?p=1016"><img width="300" height="225" src="http://physiotherapie-starkloff.de/wp-content/uploads/2023/07/GOPR0191_Maja-1-300x225.jpg" class="attachment-medium size-medium wp-post-image" alt="" loading="lazy" style="" srcset="http://physiotherapie-starkloff.de/wp-content/uploads/2023/07/GOPR0191_Maja-1-300x225.jpg 300w, http://physiotherapie-starkloff.de/wp-content/uploads/2023/07/GOPR0191_Maja-1-1024x768.jpg 1024w, http://physiotherapie-starkloff.de/wp-content/uploads/2023/07/GOPR0191_Maja-1-768x576.jpg 768w, http://physiotherapie-starkloff.de/wp-content/uploads/2023/07/GOPR0191_Maja-1-1536x1152.jpg 1536w, http://physiotherapie-starkloff.de/wp-content/uploads/2023/07/GOPR0191_Maja-1-2048x1536.jpg 2048w, http://physiotherapie-starkloff.de/wp-content/uploads/2023/07/GOPR0191_Maja-1-80x60.jpg 80w, http://physiotherapie-starkloff.de/wp-content/uploads/2023/07/GOPR0191_Maja-1-640x480.jpg 640w, http://physiotherapie-starkloff.de/wp-content/uploads/2023/07/GOPR0191_Maja-1-110x83.jpg 110w" sizes="(max-width: 300px) 100vw, 300px" /></a></div><a href="http://physiotherapie-starkloff.de/?p=1016">Unser Team</a><div class="wp-block-latest-posts__post-excerpt">„Seit 1983 bin ich Physiotherapeutin und meine Entscheidung von damals war genau richtig für mich. Ich liebe die Arbeit mit und am Menschen. Ich kann mein ganzes Wissen und strukturelles &hellip; </div></li>
</ul>

<p>Unsere Praxis Die Physiotherapie Maja Starkloff hat ihre Anfänge in der Physiotherapie Sonngard Ryschka. Frau Ryschka gründete die Praxis 1991 und in den folgenden Jahren entwickelte Sie eine geschätzte Gesundheitseinrichtung. &hellip; </p>
